= -52 - g. What is the units digit of f?
2
Let y(b) = -6*b**3 - 2*b**2 - 9*b - 5. Let k be y(-1). Suppose 5*j - 2780 = -5*r, 4*j = k*r - 7*r - 551. What is the hundreds digit of r?
5
Suppose -3*l = -2*l + 5*f - 25, 2*l + 4*f = 26. Suppose 30*q - 15085 = -l*q. What is the hundreds digit of q?
4
Suppose 2*t = t + 1. Let l be t/2*-8 - 3. Let p = l + 17. What is the tens digit of p?
1
Suppose -22 = -5*x + 3*g, -2*x + g + 60 = 51. Let u = 7 + 381. Suppose -x*w = 20, 2*m + 3*w = 2*w + u. What is the units digit of m?
6
Let i be ((-83)/(-9))/1 + 8/(-36). Suppose k + 0*k + 12 = -5*v, i = 4*k + v. Suppose 0 = s - a - k*a - 89, -4*a = -2*s + 166. What is the units digit of s?
7
Suppose 78*b + 173160 = 102*b. What is the thousands digit of b?
7
Suppose 764*p - 2*i - 13076 = 760*p, 0 = -p + 2*i + 3263. What is the hundreds digit of p?
2
Let j = -116 - -113. Let l be 150 - (j/(-3) - -4). Suppose -141*h + l*h - 336 = 0. What is the units digit of h?
4
Let s = 142 - -1406. Suppose 5*m - 16*v - 3857 = -12*v, -2*m + s = v. What is the hundreds digit of m?
7
Let w(g) = -20*g + 35. Let i be w(-7). Suppose -1679 - i = -9*p. What is the hundreds digit of p?
2
Suppose -66*w + 2682 = -64*w. Suppose -w - 803 = -8*x. What is the units digit of x?
8
Suppose -16*n = -5*n + 1067. Let h = -110 - n. What is the tens digit of (92/(-5))/(h/65)?
9
Suppose -2*w - 490 + 11199 = -3*o, -w + 5335 = 5*o. What is the tens digit of w?
5
Let g(v) = -374*v + 2499. What is the units digit of g(-34)?
5
Suppose -44799 = -5*h + 2*b, 0 = 3*h + 2*b + 4029 - 30918. What is the units digit of h?
1
Suppose a - 15 = 4*i, -2*a - 6 = 4*i - 0*a. Let f be i/((2 + 240/(-116))/(-2)). Let o = f + 125. What is the units digit of o?
8
Suppose -24*q + 2137 = 5905. Let c be 2/((-6)/(-741) + 0). Let y = q + c. What is the tens digit of y?
9
Let t be 18/(-6) - 4 - -3. Let r(z) = z**2 + 6*z + 6. Let i(n) = -2*n**2 - 13*n - 13. Let q(a) = 4*i(a) + 7*r(a). What is the tens digit of q(t)?
1
Suppose 3*u = -2*u + 17750. Suppose -d + u = -0*d. Suppose 310 = -12*a + d. What is the tens digit of a?
7
What is the tens digit of 960/224*(1489 - (-1 + -1))?
9
Suppose -9859 = -2*c + 2*k + 9575, -5*k - 9693 = -c. What is the tens digit of c?
2
Let u(l) = -16*l + 7*l - 6644 + l**2 + 6666. Let n be (-15)/2*4/(-3). What is the tens digit of u(n)?
3
Suppose -5*s = -0*s - 5*u, -2*s = 3*u. Let g(k) = 80 + 74 + 39 - 28 + k. What is the units digit of g(s)?
5
What is the tens digit of (((-3)/(-21))/(34/2261))/(3/1422)?
0
Let j be 396/18 + (-4 - (0 + 0)). What is the hundreds digit of 36/j + (3 - 3) + 210?
2
Let k(f) = 3*f**2 + 2*f**2 - 4*f**2 + 5*f + 5 - 2. Let p be k(-1). Let z(l) = 20*l**2 + l. What is the units digit of z(p)?
9
Suppose -5*s = -2*b - 688, 3*b = -2*b + 5. Suppose -123 + s = a. What is the units digit of a?
5
Let i = 237 - 235. Suppose -8 = -i*w, 1851 = 3*f + 26*w - 29*w. What is the hundreds digit of f?
6
Suppose 4*d - d = -327. Let t = 8 - d. What is the tens digit of t?
1
Let a(q) = 61*q**2 - 4*q - 3. Let w be a(-2). Let c = w - -124. Suppose 2*o + 3*h - 250 = 0, 3*o + 8*h - c = 4*h. What is the hundreds digit of o?
1
Let y be 2/12 - 367257/(-198). Suppose -y = -5*q + 425. What is the units digit of q?
6
What is the thousands digit of 2/(-3) + (-249964)/(-114)?
2
Let z(c) = -41*c + 16. Let j(a) = 1. Let h(u) = -5*j(u) + z(u). Let d be h(-5). Suppose 0 = 3*y + v - d - 4, 4*v = y - 56. What is the tens digit of y?
7
Let f(y) = -2*y**2 - 38*y - 45. Let n be f(-19). What is the hundreds digit of (-257)/(-2) - (-4 + n/(-18))?
1
Let l = 0 + 9. Let k be 3 - (166/(-4) - l/(-6)). Suppose 4*u + 3*m - k = 0, -5*u + 31 + 19 = 5*m. What is the tens digit of u?
1
Let v(p) = p**2 - 3*p + 7971. Let b be v(0). Suppose 11*h - b = -1316. What is the units digit of h?
5
Let i be 1 + -2 - (-2 + -244). Let a be (-4)/(-3)*((-24)/18)/(80/(-135)). Suppose a*p = 3*f + 2*p - i, 2*f = p + 165. What is the units digit of f?
0
Let v(p) = p**3 - 9*p**2 + 12*p - 24. Let i be v(9). Suppose -4*z + 4*s = -i, 3*z - 42 = -0*s - 4*s. What is the tens digit of (80/10)/(3/z)?
4
Suppose 0 = -d + 55 - 52. Suppose 0 = -d*v + 149 + 103. What is the tens digit of v?
8
Let b(d) = -d**3 - d**2 + 5. Let t be b(0). Suppose 0 = t*y - 7*y + 4. Suppose y*o - o - 37 = 0. What is the tens digit of o?
3
What is the hundreds digit of 290/(-8)*(-14 + 6)?
2
Let c(i) = 11*i**2 + 19*i + 35. Let g(p) = -13*p**2 - 20*p - 35. Let d(h) = -6*c(h) - 5*g(h). Let u be d(-22). Let b = -121 - u. What is the tens digit of b?
9
Suppose -3*k + 3*b + b = -28, 3*k - b - 25 = 0. Suppose -k*z = -4*z - 32. What is the units digit of (-3)/(36/z) - 215/(-3)?
1
Let d be 136*(-3 + 5 + -6). Let z = 1106 + d. What is the hundreds digit of z?
5
Suppose -2*r - h + 13211 = -23904, -r - 5*h = -18562. What is the thousands digit of r?
8
Let x = -4497 + 9710. What is the tens digit of x?
1
Let p(l) = 177*l**2 - 2*l - 1. Let q = -77 + 70. Let s be 3 + (-4 - q) + -5. What is the tens digit of p(s)?
7
Suppose 15 = -4*l + 11. What is the hundreds digit of (18 + -17)/(l/(-632))?
6
Let w be ((-9)/(-15))/(12/7860). Let g = 2151 - w. What is the tens digit of g?
5
What is the hundreds digit of (45/6 + -6)/((-416894)/(-208444) + -2)?
1
What is the thousands digit of -12*5/(-40) + 305095/10?
0
Let h(m) = -m**3 + 12*m**2 + 17*m + 4. Let t(w) be the third derivative of -w**4/8 - 35*w**3/6 + 31*w**2. Let z be t(-16). What is the tens digit of h(z)?
5
Let a = 3 + 1. Suppose -12 = -a*m - 2*f + 8, 5*f + 34 = 4*m. Suppose -8*q = -m*q - 198. What is the tens digit of q?
9
Suppose -5*h - 133 = 1617. Let l = 500 + h. What is the tens digit of l?
5
Let q = 1342 + -554. Suppose -5*s - 223 = -q. Suppose 5*f - 252 = -4*y + s, 4*f = -5*y + 283. What is the tens digit of f?
7
Let z be (-14)/(-28)*1*10. Let w be 2 - -1 - (z - 4). Suppose 5 = 5*u, -5*c - 5*u + 33 = -w*u. What is the units digit of c?
6
Let b be (-21110)/55 + 2/(-11). Let u = b + -108. What is the tens digit of (3/2)/((-18)/u)?
4
Suppose -a - 154*m + 3 = -152*m, -5*m - 38 = -4*a. Suppose 3186 = -5*z + a*z. What is the hundreds digit of z?
5
Let o = -26 + 29. Suppose -p = -o*p + 26. Suppose -5*u - 1128 = -p*u. What is the hundreds digit of u?
1
Let n(t) = -3 + 0 - 25*t + 270*t + 17. Let m be n(2). Suppose 3*u - m - 72 = 0. What is the tens digit of u?
9
Let m = 39 + -26. Let k = 9 - m. Let z = k + 77. What is the units digit of z?
3
Suppose 1094663 = 199*h - 7573379. What is the thousands digit of h?
3
Let l be (3 - -1) + 2*5 - 1. What is the tens digit of (l/104)/(2/16)*688?
8
Let l(p) = 40*p**2 + 13*p - 191. What is the thousands digit of l(-12)?
5
Let x = 966 - -500. What is the hundreds digit of x?
4
Suppose 5*m = -4*b + 375, -4*m - 4*b - b + 291 = 0. Suppose 34 = 2*v + d, 2*v - 16 = 4*d - 2. Suppose m = 4*j + v. What is the units digit of j?
6
Suppose 5*u = 5*a, 4*a + 5*u - 25 = 4*u. Suppose -2*g + g + 342 = y, a*g - 1737 = 4*y. What is the units digit of g?
5
Let g be (0 + -1)/((-2)/10). Let r be 25 - 24 - (4 + -14). Suppose -g*n + 56 = r. What is the units digit of n?
9
Suppose 8*u - 6763 - 2751 = 5454. What is the thousands digit of u?
1
Suppose 0 = 2*a + 5*q - 297, 4*q + 434 = 4*a - 230. Let p be (4/(-1))/(2/44). Let v = p + a. What is the tens digit of v?
7
Let c = -51499 + 73341. What is the units digit of c?
2
Suppose 6*n - 9*n + w = -117, 5*n = 4*w + 202. What is the tens digit of (2 - 4)/(n/(-12673))?
6
Suppose 8*i + 2*v + 20 = 5*i, 2*v + 8 = 0. What is the units digit of ((-170)/i - 3)*6?
7
Let k = -939 - -635. Let n = k + 506. What is the hundreds digit of n?
2
Suppose 11*q = 19 + 36. Let k(r) = 25*r**2 + 15*r - 30. What is the tens digit of k(q)?
7
Let q be (11 - 17)/(2/1). Let v(i) be the third derivative of i**5/2 + i**4/24 + i**3/3 - 3*i**2. What is the hundreds digit of v(q)?
2
Suppose -8*g - 3 = 21. Let a be 2/g + 0 + 245/3. Let t = a - 50. What is the tens digit of t?
3
Let y be 48 + -52 + 2*570. Let f = y - 803. What is the units digit of f?
3
Let k be (-2576)/(-10) - 10/(-25). Let u be 1970/(-16) - (-5)/40. Let i = u + k. What is the units digit of i?
5
What is the tens digit of -17 + (-291)/(-17) - ((-70068)/51 - 1)?
7
Let m be 1*6/9 + 14/6. Suppose m*w = 2*c + 18, -c - 15 = w - 4*w. Suppose 4*v - v = 0, -n = -w*v - 22. What is the